 + 929. Is q a composite number?
True
Suppose -34578 = 3*w - 90033. Is w composite?
True
Let x(r) = -r**2 - 45*r + 3197. Is x(0) a prime number?
False
Is (7 - -1 - (-1989144)/(-144))*-2 a composite number?
False
Let k = -4 + 7. Suppose 4*r + 12 = -2*c, -6 = -k*r + 5*r. Let x(j) = -j + 13. Is x(c) composite?
False
Suppose -r - 18 = 4. Let n be (-4)/r + (-10385)/(-55). Suppose -n = i - 656. Is i a prime number?
True
Suppose 31*y = -3*y + 92446. Is y a composite number?
False
Suppose 390 = -3*x + x. Let v = -128 - x. Is v a prime number?
True
Let y(u) = -u**3 - 26*u**2 + 12*u + 53. Is y(-54) a composite number?
True
Let d = -3618 + 20705. Is d composite?
True
Suppose 3*w = 5*r + 66446, -84000 = -5*w - 2*r + 26733. Is w a composite number?
False
Let o(w) = 4*w + 1. Let x be 88/8 - (2 + 1). Let b be o(x). Suppose i + 12 - b = 0. Is i a prime number?
False
Let g = -45 - 24. Let w = g + 203. Is w a prime number?
False
Let z be (-18)/(-1 - -3 - 0). Let v = z + 55. Suppose -3*r = -2*i + 72 + v, -4*i = -2*r - 220. Is i a composite number?
False
Let i be (-4)/(132/128 + -1). Let z = 1017 + i. Is z a composite number?
True
Suppose -4*z = 3*x - 1370, -2*z + x + 692 = -x. Suppose -t = 3*t - z. Is t a prime number?
False
Let j(i) = i**2 - 2*i + 2. Let h be j(2). Let l be (2/(-1))/(-3 + h). Let q(w) = 79*w**2 + 3*w - 3. Is q(l) prime?
False
Suppose 12886 = 5*t - 3*h, 3*t - 3*h = h + 7725. Is t a composite number?
False
Let m(p) = -2*p + 3. Let j(u) = -u**2 - 7*u + 8. Let q be j(-8). Let b be m(q). Suppose b*s = 4*s - 59. Is s a prime number?
True
Let z(k) be the first derivative of 88*k**3/3 - k**2/2 - 15*k + 12. Is z(-4) composite?
True
Is (-1)/((-3)/5679) - 2 prime?
False
Let r be 1*12*(-2)/4. Let x = r + -20. Is (4/(-6))/(x/13533) prime?
True
Suppose -29 = 3*k - 41. Suppose 0 = k*u - 3096 - 3236. Is u a prime number?
True
Let r = 210 - -140. Suppose 3*j + 661 = 5*f, -3*f = 4*j - r - 64. Is f prime?
False
Let m = 4114 - -4329. Is m a composite number?
False
Let p(q) = -224*q - 5. Let k be p(3). Let m = -178 - k. Is m a composite number?
False
Suppose -120392 = 5*k + 2*n, -5*n = -2*k - 2*k - 96307. Is k/(-126) + (-2)/21 a composite number?
False
Suppose -q = y - 605 - 182, 807 = q - 4*y. Let c = 1348 - q. Is c composite?
False
Let n = -10713 + 25492. Is n composite?
False
Let j be (-1)/(-3)*-2 + 170/30. Is j + -5 + -4 + 323 composite?
True
Let y be (-12786)/(-48)*2 + (-1)/(-4). Let x = -36 + y. Is x a composite number?
True
Let p = -22 + 22. Suppose 4*v + 3*z + p*z = 160, 3*v = -z + 115. Is (13 - 14)/((-1)/v) prime?
True
Let o = -110 - 26. Suppose -336 - 687 = -3*l. Let g = l + o. Is g composite?
True
Let i = -3494 - -11246. Suppose 2*a - 3870 = -4*n, -n + 5*n = -4*a + i. Is a composite?
True
Let t = 2552 + -1819. Is t a composite number?
False
Let b = 9232 - 3975. Is b a composite number?
True
Suppose -7*p + 12*p = 5. Let n be p*-3 - (-2 - 5). Suppose n*i - 9*i + 4*x = -575, 0 = -5*i - x + 550. Is i a composite number?
True
Is (-1 + 0)/(50/(-459950)) a prime number?
True
Let k(l) = 3*l**2 - 2*l + 7. Let u be k(7). Let m be -2*u/(-16)*-100. Is m/(-18) + 2/(-9) prime?
True
Let f = -1259 + 2950. Is f prime?
False
Suppose 87*w + 304420 = 1301701. Is w composite?
True
Suppose -2*v = 2*h - 22, 5*h = -v - 2*v + 39. Suppose 2*s + 2*s - v = 0. Suppose -3*l - s*l + 170 = 0. Is l a composite number?
True
Suppose -3*j - 6362 = -q, j = q + 1045 - 7401. Is q composite?
False
Is (1/4)/(2 + 2667429/(-1333716)) a composite number?
False
Suppose -6*z - 10 = -16*z. Is (-20 - -17) + (122 - z) a composite number?
True
Let v(i) = -i**2 - 3*i - 3. Let f = 2 + -4. Let n be v(f). Is n - 4*(-67 + 2) a composite number?
True
Let n = 192 - 98. Let v(t) = -30*t - n*t - 97*t + 2 + 0. Is v(-1) a composite number?
False
Let p = 842 + 1137. Is p a prime number?
True
Let t be 32/(-5) + (-12)/20. Let p be (2 + 0)/(-8 - t). Is ((-1)/p)/(3/222) a prime number?
True
Let v(r) = r**2 - 16*r - 20. Let o be v(16). Let i = o - 2. Is 4/i - 16974/(-66) a prime number?
True
Let b(j) = 9823*j + 105. Is b(4) prime?
True
Let v(f) = -1 + 5 + 8*f + 0 - 1. Suppose 3*u = 2*u + 6. Is v(u) prime?
False
Let g = -1409 + -95. Is (g/10 - 1)/((-2)/10) a composite number?
False
Is -133818*(23/46 + 6/(-9)) composite?
False
Suppose 57*j = 59*j + 2. Let r(i) = -2237*i**3 + i**2 - 1. Is r(j) prime?
True
Suppose 0 = 8*l + 537 + 367. Let a = l + 276. Is a a prime number?
True
Suppose 5*v = -y + 8, -2 - 6 = 3*y - v. Let q(h) = 54*h**2 - 6*h - 1. Let a(b) = -55*b**2 + 7*b + 1. Let z(m) = 6*a(m) + 7*q(m). Is z(y) a composite number?
False
Suppose -x + 75383 = -4*n + 6*n, 0 = 3*n - x - 113072. Is n a composite number?
False
Let k(f) = -4*f**3 - 70*f**2 + 7*f - 157. Is k(-30) a composite number?
False
Suppose 10*h = 232426 + 7264. Is h composite?
True
Let b(h) = -695*h**3 + 2*h**2 + 4*h + 5. Let l be b(-2). Let o = -3512 + l. Is o prime?
True
Suppose 3*j + 50861 = 4*i, 0 = 3*i - 0*j - j - 38142. Is i a composite number?
False
Let z(s) = -s**2 + 11*s + 11. Let n be z(12). Is 188 - (-1)/(n/(-3)) composite?
False
Let i be 24/(-9)*(-18)/12. Suppose 2*u - n + 3 = 2, -i*u - 7 = -n. Is 78 + (-1 - (-3 - u)) prime?
False
Let z = -19464 - -53627. Is z a composite number?
True
Let s(i) = i - 16. Let v(d) = 2*d**2 - d + 3. Let a be v(3). Let c be s(a). Suppose -c*b = 4*b - 1830. Is b a prime number?
False
Let l = -2 - 10. Let i = -8 - l. Suppose -7*t = -i*t - 177. Is t a composite number?
False
Let g = 40692 - 26549. Is g prime?
True
Let b(c) = 2*c**2 - 103*c + 246. Is b(55) a prime number?
True
Let c = -890 - -1552. Suppose -10*x = -12*x + c. Is x a prime number?
True
Suppose 5*s - 72 = 133. Suppose y + 90 = 3*x + 20, -2*y = -10. Suppose -3*b + x = -s. Is b composite?
True
Suppose 0 = -7*d + 17600 + 13347. Is d a prime number?
True
Is (124/(-6))/((-221526)/(-20142) + -11) composite?
True
Let h(q) = -4*q - 45. Let d be (-6)/12 + 31*(-2)/4. Is h(d) prime?
True
Let g(b) = 5*b**2 - 10*b + 3. Let x be (-1)/2*14*5/(-5). Is g(x) prime?
False
Suppose 3*m - 9*m + 98826 = 0. Suppose -3*f = 2*r - 8258, 5*r + f - m = 4200. Is r composite?
True
Suppose -3*t + 4*k + 39701 = 0, 12*k = -4*t + 14*k + 52938. Is t a prime number?
False
Suppose -4566 = -6*w + 26760. Is w a prime number?
False
Let y = -21 - -73. Suppose 0 = 2*b + y + 200. Let l = 317 + b. Is l a prime number?
True
Suppose f = 4*f - 2235. Is f a composite number?
True
Let q(v) = 21*v + 3. Let k be q(-3). Let y be k/(-25)*(-5)/(-2). Suppose x + y = 1, 3*x - 322 = -z. Is z a prime number?
True
Let b = 8 + -4. Let o(y) = -2*y**3 + 0*y**3 + 0 + 7*y - y**2 + b. Is o(-5) a prime number?
False
Suppose 40 = -4*i - 0. Let v = 8 + -14. Is (4/v)/(i/2415) composite?
True
Suppose -18*d = -d - 230129. Is d a prime number?
True
Let n = -72 - -47. Let y be (-12)/3*n/10. Is y/(72/34 + -2) composite?
True
Suppose -z - 3*g + 9 = 0, z = -z + 3*g. Let s be (-4)/(-6) + (-8)/z. Is 158 - (-3 - -2 - s) prime?
True
Suppose -6*z + 3*z + 10026 = 0. Suppose -c + z = c. Is c*-1*(-5)/15 a prime number?
True
Suppose -4*o - 9 = -1. Is -1262*((-1)/o)/(-1) a prime number?
True
Let k(x) be the first derivative of -23*x**4/24 + 5*x**3/6 + 3*x**2/2 + 4. Let n(q) be the second derivative of k(q). Is n(-4) a composite number?
False
Suppose 1 = 3*a - 2, 3*a = 5*k - 12. Suppose -3*y = k*z - 3735, 5*y + 2*z - 2225 - 3994 = 0. Is y a prime number?
False
Suppose -2*u - 158 = u + 4*l, -4*u - 215 = l. Is (-43047)/u - 3/18 prime?
True
Let d = -20 + 133. Suppose 8 = 2*l - 2*y - 0*y, -4*y = 3*l - 5. Suppose -4*i = -l*i - d. Is i a prime number?
True
Let u(t) = t**3 - 4*t**2 + 5*t - 5. Let k be u(3). Let a be 4*37 - (3 + k). Let r = 253 - a. Is r prime?
True
Let f = -317 + 163. Let a = f + 267. Is a a prime number?
True
Suppose -3172 = -6*k + 4994. Is k composite?
False
Suppose 2*d - 8 = 0, -4*d - 4 = -4*p - 5*d. Suppose p = -12*t + 1122 + 8694. Is t a prime number?
False
Let l(k) be the second derivative of 4*k + 1/20*k**5 - 1/12*k**4 + 7/2*k**2 + 0 + 2/3*k**3. Is l(6) a prime number?
True
Suppose i - 5104 = -4*c + 9799, -2*i + 29836 = 2*c. Is i prime?
True
Let v(w) = w**3 - 9*w**2 + 3*w + 4. Let y be v(9). Suppose 0 = -3*b + 4*p + 55, -3*b + b = p - 44. Let r = y - b. Is r a prime number?
False
Suppose 86217 = 10*b - 6413. Is b a compos